e units digit of 26?
6
What is the units digit of 1507?
7
What is the thousands digit of 73985?
3
What is the thousands digit of 7137?
7
What is the tens digit of 15473?
7
What is the thousands digit of 2462?
2
What is the tens digit of 10169?
6
What is the units digit of 22172?
2
What is the ten thousands digit of 11098?
1
What is the units digit of 5869?
9
What is the thousands digit of 3050?
3
What is the units digit of 526?
6
What is the hundreds digit of 3036?
0
What is the units digit of 2045?
5
What is the hundreds digit of 76148?
1
What is the thousands digit of 11319?
1
What is the units digit of 13718?
8
What is the units digit of 590?
0
What is the thousands digit of 16566?
6
What is the units digit of 2136?
6
What is the units digit of 541?
1
What is the ten thousands digit of 79234?
7
What is the thousands digit of 8078?
8
What is the units digit of 318?
8
What is the units digit of 1976?
6
What is the thousands digit of 2151?
2
What is the hundreds digit of 597?
5
What is the tens digit of 84?
8
What is the units digit of 1186?
6
What is the thousands digit of 1430?
1
What is the units digit of 14252?
2
What is the hundreds digit of 765?
7
What is the hundreds digit of 625?
6
What is the hundreds digit of 14117?
1
What is the units digit of 44?
4
What is the hundreds digit of 3348?
3
What is the units digit of 775?
5
What is the hundreds digit of 2418?
4
What is the hundreds digit of 24016?
0
What is the units digit of 47459?
9
What is the ten thousands digit of 34617?
3
What is the hundreds digit of 64339?
3
What is the tens digit of 55155?
5
What is the hundreds digit of 32623?
6
What is the tens digit of 3938?
3
What is the tens digit of 76628?
2
What is the thousands digit of 1105?
1
What is the units digit of 1187?
7
What is the thousands digit of 1528?
1
What is the hundred thousands digit of 114460?
1
What is the ten thousands digit of 45679?
4
What is the tens digit of 8549?
4
What is the units digit of 1389?
9
What is the units digit of 3771?
1
What is the tens digit of 834?
3
What is the hundreds digit of 5181?
1
What is the thousands digit of 23949?
3
What is the units digit of 8410?
0
What is the tens digit of 267?
6
What is the units digit of 30534?
4
What is the thousands digit of 3744?
3
What is the tens digit of 19286?
8
What is the thousands digit of 9095?
9
What is the tens digit of 1679?
7
What is the units digit of 177362?
2
What is the thousands digit of 58329?
8
What is the units digit of 652?
2
What is the hundreds digit of 1062?
0
What is the units digit of 30985?
5
What is the thousands digit of 2355?
2
What is the hundreds digit of 2752?
7
What is the hundreds digit of 406?
4
What is the ten thousands digit of 65244?
6
What is the units digit of 10491?
1
What is the tens digit of 1765?
6
What is the hundreds digit of 116538?
5
What is the ten thousands digit of 145029?
4
What is the thousands digit of 7483?
7
What is the tens digit of 1532?
3
What is the tens digit of 2645?
4
What is the units digit of 1744?
4
What is the hundreds digit of 11002?
0
What is the hundreds digit of 37762?
7
What is the tens digit of 71706?
0
What is the ten thousands digit of 35143?
3
What is the units digit of 1259?
9
What is the hundreds digit of 5438?
4
What is the hundreds digit of 190?
1
What is the thousands digit of 28883?
8
What is the hundreds digit of 692?
6
What is the thousands digit of 75994?
5
What is the tens digit of 623?
2
What is the thousands digit of 13000?
3
What is the tens digit of 9128?
2
What is the thousands digit of 143306?
3
What is the units digit of 71194?
4
What is the hundreds digit of 19904?
9
What is the thousands digit of 1788?
1
What is the tens digit of 74061?
6
What is the tens digit of 683?
8
What is the tens digit of 4203?
0
What is the hundreds digit of 12288?
2
What is the tens digit of 2638?
3
What is the thousands digit of 18905?
8
What is the tens digit of 23213?
1
What is the ten thousands digit of 12267?
1
What is the hundreds digit of 1483?
4
What is the tens digit of 24953?
5
What is the thousands digit of 1734?
1
What is the tens digit of 6069?
6
What is the tens digit of 715?
1
What is the units digit of 12287?
7
What is the units digit of 39103?
3
What is the tens digit of 108723?
2
What is the hundreds digit of 765?
7
What is the hundreds digit of 33364?
3
What is the tens digit of 793?
9
What is the hundreds digit of 12667?
6
What is the tens digit of 789?
8
What is the tens digit of 359?
5
What is the hundreds digit of 4152?
1
What is the hundreds digit of 3091?
0
What is the tens digit of 907?
0
What is the tens digit of 367?
6
What is the units digit of 9761?
1
What is the hundreds digit of 5745?
7
What is the thousands digit of 2504?
2
What is the thousands digit of 14763?
4
What is the thousands digit of 2894?
2
What is the thousands digit of 1638?
1
What is the thousands digit of 101052?
1
What is the units digit of 49530?
0
What is the ten thousands digit of 52259?
5
What is the hundreds digit of 62635?
6
What is the units digit of 3556?
6
What is the tens digit of 6578?
7
What is the tens digit of 602?
0
What is the units digit of 2000?
0
What is the tens digit of 86?
8
What is the thousands digit of 25038?
5
What is the ten thousands digit of 64696?
6
What is the hundreds digit of 64989?
9
What is the ten thousands digit of 34706?
3
What is the thousands digit of 5318?
5
What is the units digit of 151?
1
What is the units digit of 3507?
7
What is the hundreds digit of 702?
7
What is the hundreds digit of 11689?
6
What is the ten thousands digit of 78017?
7
What is the tens digit of 7481?
8
What is the hundreds digit of 3401?
4
What is the thousands digit of 4790?
4
What is the hundreds digit of 4735?
7
What is the thousands digit of 5648?
5
What is the thousands digit of 36342?
6
What is the hundreds digit of 1702?
7
What is the thousands digit of 2553?
2
What is the tens digit of 40?
4
What is the tens digit of 2349?
4
What is the tens digit of 236?
3
What is the thousands digit of 1127?
1
What is the units digit of 9304?
4
What is the ten thousands digit of 53386?
5
What is the units digit of 6183?
3
What is the thousands digit of 26809?
6
What is the thousands digit of 5938?
5
What is the units digit of 3334?
4
What is the units digit of 8501?
1
What is the units digit of 7670?
0
What is the thousands digit of 8850?
8
What is the units digit of 2328?
8
What is the tens digit of 1920?
2
What is the tens digit of 76290?
9
What is the hundreds digit of 1014?
0
What is the units digit of 54?
4
What is the thousands digit of 85749?
5
What is the units digit of 8653?
3
What is the ten thousands digit of 35052?
3
What is the hundreds digit of 1598?
5
What is the tens digit of 1862?
6
What is the units digit of 213?
3
What is the tens digit of 4037?
3
What is the tens digit of 117872?
7
What is the units digit of 7249?
9
What is the tens digit of 15466?
6
What is the tens digit of 408?
0
What is the thousands digit of 1038?
1
What is the thousands digit of 9973?
9
What is the thousands digit of 4583?
4
What is the thousands digit of 8633?
8
What is the thousands digit of 22411?
2
What is the thousands digit of 2794?
2
What is the thousands digit of 1596?
1
What is the tens digit of 52830?
3
What is the hundred thousands digit of 104411?
1
What is the hundreds digit of 386?
3
What is the hundreds digit of 26124?
1
What is the tens digit of 5709?
0
What is the units digit of 9172?
2
What is the units digit of 149?
9
What is the hundreds digit of 30353?
3
What is the units digit of 2184?
4
What is the thousands digit of 8642?
8
What is the thousands digit of 67073?
7
What is the units digit of 1028?
8
What is the hundreds digit of 37228?
2
What is the thousands digit of 22081?
2
What is the units digit of 115128?
8
What is the units digit of 16?
6
What is the units digit of 5377?
7
What is the hundreds digit of 241?
2
What is the units digit of 688?
8
What is the units digit of 7299?
9
What is the units digit of 10716?
6
What is the thousands digit of 45931?
5
What is the units digit of 8379?
9
What is the thousands digit of 11501?
1
What is the ten thousands digit of 10787?
1
What is the hundreds digit of 1248?
2
What is the hundreds digit of 439?
4
What is the ten